*2 + 0 - 1/6*f**3 + f. Determine i(4).
-4
Let h(b) = -2*b**3 + 3*b**2 - 6*b. Let f(q) = -3*q**3 + 3*q**2 - 7*q. Let w(n) = -3*f(n) + 4*h(n). Give w(-4).
-4
Let y(p) = p + 13. Let q(a) = -3*a - 38. Let f = 2 - -6. Let i(b) = f*y(b) + 3*q(b). Let s(v) = 2*v + 1. Let c be s(-3). Calculate i(c).
-5
Let z(v) be the first derivative of -v**4/4 - 5*v**3/3 + 5*v**2/2 - 3*v + 43. Give z(-6).
3
Let a(l) be the first derivative of 2 - 1/2*l**2 + 5/4*l**4 - 1/3*l**3 - l. Let p = 26 + -27. Calculate a(p).
-6
Let h(n) = 6*n**3 - 4*n - 3. Let o(g) = 11*g**3 - 9*g - 7. Let z(p) = 7*h(p) - 3*o(p). Calculate z(-1).
-8
Let d(m) = -m + 2*m**2 + 3*m**2 - 9*m**2 + 3*m**2 + 2. Let t be -1 + (1 - 2 - -2). Give d(t).
2
Let b(s) = 3*s**2 + 4*s. Let z be b(-2). Let n(y) = -3 + 4 - 2*y**2 - y + 3*y**2. Determine n(z).
13
Let d(f) = f**3 + 3*f**2 + f - 4. Suppose 4*l + 20 = -4*c, -l - 2*l + 4*c = 8. What is d(l)?
-24
Let d(i) = -i + 2. Suppose x + 10 = 6*x. Suppose -8 = -x*h + 2. Calculate d(h).
-3
Let p(v) be the first derivative of v + 4/3*v**3 - 4 + 1/2*v**2. What is p(-1)?
4
Let o(r) = -r**3 - r**2 - r - 9. Let q(m) = m**2 + m - 2. Suppose 2*j - 4*j - 4 = 0. Let w be q(j). What is o(w)?
-9
Let o(g) = -5*g**3. Let j be -2*(0 + 4/8). What is o(j)?
5
Let c(n) = -2*n + 4. Let f(o) = o + 8. Let g be f(-9). Let i = g - -6. Give c(i).
-6
Let r(s) = s**3 - 3*s**2 - 4*s + 3. Let b be r(4). Let h(f) = f + 4 - b*f + f. Let i be 1 + (-3)/3 + 0. What is h(i)?
4
Let k(q) = -q**3 + 2*q**2 + 4. Let j(d) = d**2 + 7*d + 8. Let i be j(-6). Let y(t) = -3*t**3 + 5*t**2 + 7. Let p(m) = i*y(m) - 5*k(m). Give p(0).
-6
Suppose 0*l = 4*l + 3*n - 5, 4*n = -4*l + 8. Let k(f) = 17*f + 1. Determine k(l).
-16
Let y(p) = -7*p - 1. Let h(s) be the second derivative of -5*s**3/3 - s**2 - 2*s. Let o(v) = -5*h(v) + 7*y(v). Give o(-5).
-2
Let f = -5 + 9. Let c(p) = -f*p + 6*p - 3*p. Suppose -28 = 4*x + 4*k, 2*x + k = -4 - 8. Calculate c(x).
5
Let c(d) = 2*d + 2. Let g = -13 + 8. Let b = g - -9. Suppose -2*q - 2*p = -2, 2*q - b*p = 3*q + 2. Determine c(q).
6
Let a(z) = -2*z**3 - 7*z**2 + 4*z - 2. Let v(h) be the first derivative of 3*h**4/4 + 10*h**3/3 - 3*h**2 + 3*h + 5. Let t(o) = 7*a(o) + 5*v(o). Determine t(2).
9
Let k(p) = p - 10. Let s(t) = t - 3*t + 21 + 4*t - 4*t. Let u(n) = -13*k(n) - 6*s(n). Determine u(2).
2
Let v = -36 + 30. Let r(k) = k + 7. Calculate r(v).
1
Let k(n) be the second derivative of 7*n**3/6 + n**2/2 - 3*n - 3. Let u = 0 + 1. Determine k(u).
8
Let c(l) = 3*l + 4. Let m(x) = -x - 3. Let a(y) = y + 4. Let i(j) = -3*a(j) - 4*m(j). Let s be i(2). Suppose 4*h + 6*p = p - 26, s*h = 2*p - 4. What is c(h)?
-8
Suppose 5*z = -2*s + 21 - 0, -4*s - 2*z + 2 = 0. Let d be (-6)/s - (-1 + -1). Let g(b) = b**2 - 6*b + 1. Calculate g(d).
-4
Let x(d) = d**3 - d**2 - 3*d + 3. Let v(u) = 2*u - 6. Let k be v(4). What is x(k)?
1
Let c(j) be the second derivative of j**3/6 + 5*j**2/2 - j. Calculate c(-4).
1
Let x(s) be the first derivative of -s**4/4 - 4*s**3/3 - s**2/2 - s - 14. Give x(-4).
3
Let g(v) = 4 + 0 - 4*v**2 - 2 - 3*v + 2 - v**3. Determine g(-3).
4
Let l(g) be the third derivative of g**6/120 - 7*g**5/60 + g**4/24 - 9*g**2. Calculate l(7).
7
Let c(j) = -3 + 3*j + 1 - 1 + 2. Let z(g) = g - 1. Let s(o) = -c(o) + z(o). Determine s(3).
-6
Let t(i) be the third derivative of i**4/24 + 5*i**3/2 - 17*i**2. Calculate t(-7).
8
Let z = 6 - 10. Let i(p) = -p**2 - 5*p - 4. Calculate i(z).
0
Let j(t) be the second derivative of -t + 0*t**2 - 1/120*t**5 - 1/24*t**4 + 0 - 1/3*t**3. Let i(m) be the second derivative of j(m). Calculate i(-4).
3
Let n = 14 - 15. Let w(x) be the first derivative of x**2 - 1/2*x**4 + 2/3*x**3 + x + 1. Calculate w(n).
3
Let p(f) = f**2 + 7*f - 12. Suppose 25 = -5*s, -3*i + 0 = -5*s + 2. Calculate p(i).
6
Let c(f) be the third derivative of 1/12*f**4 - 2*f**2 + 1/40*f**5 + 0*f + 0 - 1/240*f**6 + 0*f**3. Let s(q) be the second derivative of c(q). Determine s(3).
-6
Let j be 2/(-4)*(-4 - 0). Let o(b) = -j + 3 + 3*b + 0. Suppose 0 = 2*l, 0 = -2*x - 3*l + 4 - 0. Determine o(x).
7
Let p(h) = h**2 + 1. Let q(w) = -5*w**2 + 3*w - 7. Let t(n) = 6*p(n) + q(n). Suppose -a = m - 4, -m - 5*a + 2 = -3*a. Let b = m + -9. Calculate t(b).
-1
Let h(i) = -5*i - 2. Let g = 10 - 8. Determine h(g).
-12
Suppose -2*a = 0, -4*x - 3*a - 5 = 7. Let c(q) = -1 + 13*q - 27*q + 10*q. Give c(x).
11
Let v(b) be the second derivative of 2*b**3/3 + 3*b**2 - 18*b. Give v(-7).
-22
Let o(b) = -b**2 + 7*b. Let m(s) = -s + 1. Let d = 0 + -6. Let c be ((-3)/9)/(2/d). Let t(v) = c*o(v) + 2*m(v). Give t(6).
-4
Let g(s) be the first derivative of -s**4/4 - 4*s**3/3 + 5*s - 1. Let z be g(-4). Let n(j) = j**3 - 6*j**2 + 4*j - 2. What is n(z)?
-7
Let g = 1 + -3. Suppose k - 5 + 3 = 0. Let b(t) = -1 - k*t**2 + 2 - 2*t - 4 - t**3. Determine b(g).
1
Let f = 21 + -13. Suppose 3*q + 35 = f*q. Let p(t) = -2*t - 1 - q - t**3 + 3*t. Give p(0).
-8
Let h(d) be the first derivative of -7*d**2/2 + 5*d - 3. Let o(y) = y. Let s(m) = -h(m) - 5*o(m). Let p be s(5). Let u(q) = q**2 - 8*q + 5. What is u(p)?
-10
Let v(w) be the second derivative of -3*w**4/4 + w**3/6 - 5*w. Determine v(-1).
-10
Let x(c) = c**3 + 4*c**2 - 4*c - 3. Let i = 1 + -6. What is x(i)?
-8
Let y(n) = -n**3 + 3*n**2 + 6*n - 3. Let r be 6/(-5)*20/(-6). Calculate y(r).
5
Suppose 3*p + 9 = 2*p + 2*g, 4*g - 17 = 3*p. Suppose 16 = -i + 5*j, -4*i + 3*j + 3 = -p. Let b(v) = v - i + 4. Give b(4).
4
Let a(k) = -4*k**3 + 2*k**2 + 6*k + 3. Let z = -5 + 8. Let t(v) = -5*v + 4 - 3 - 4 + z*v**3 - 2*v**2. Let i(g) = 2*a(g) + 3*t(g). What is i(3)?
-3
Let t be (-4 - -3) + 9/3. Let g(d) = d**2 - d + 1. Give g(t).
3
Let d(p) = 4*p + 7. Let r(z) = 2*z + 3. Let h(b) = -6*d(b) + 13*r(b). Calculate h(3).
3
Let q(i) = i**3 - 6*i**2 - i + 1. Let k be ((-4)/(-6))/((-6)/(-54)). Calculate q(k).
-5
Suppose 90 = -13*d + 18*d. Let v be d/(-27) + (-10)/(-6). Let a(l) = -2 + l**2 - 10*l**2 + 1. Calculate a(v).
-10
Suppose 7*c = 2*c. Let d(w) = -4 + w**2 - w + c - w. Suppose 5*o + 2*z = -0*z + 21, -o + 15 = 4*z. Determine d(o).
-1
Let b(r) = -9*r + 5 - 6*r**3 + 5*r**3 + 10*r. What is b(0)?
5
Let y be 0 + 3 - (-2)/2. Let n(t) = 5 - y - 2 + 2 - t. Let x(a) = a**2 - 3*a - 1. Let i be x(4). Determine n(i).
-2
Let q(u) be the third derivative of -1/3*u**3 + 0*u + 3*u**2 + 0 + 1/15*u**5 + 1/120*u**6 - 1/24*u**4. Let d = -8 + 4. Give q(d).
2
Let v be (-2)/5 - 108/30. Let x(m) be the third derivative of -m**4/24 - 2*m**3/3 - 2*m**2. What is x(v)?
0
Let i(y) = -y - 1. Let l(d) = -d**2 + 5. Suppose 0 = 3*v - 0*v. Let b be l(v). What is i(b)?
-6
Let h be -2 + 2 + (-9)/(-3). Suppose 4*y = -4*t - 10 + 46, -3*t - 5*y + 17 = 0. Let k(v) = -v - 11 + 0*v + t. Determine k(h).
0
Suppose 2*f - 12 = -2*d, -4*d + 5*f + 18 = 3*f. Let r(p) = 0 - 1 + p + d. Give r(0).
4
Let t(x) be the first derivative of -x**3/3 - x**2 - 2*x + 5. What is t(-3)?
-5
Let q(v) = 15*v. Let c(w) = 15*w. Let s(h) = 5*c(h) - 6*q(h). Determine s(1).
-15
Let a(n) = -n**3 - n**2 + n + 1. Suppose 9 + 3 = -2*w + 4*d, 2*w - d + 6 = 0. Calculate a(w).
3
Let k be (-4)/(2/(-6) - -1). Let l be 2/k + (-44)/12. Let h(w) be the second derivative of -w**3/6 - w. Calculate h(l).
4
Let i = -24 + 28. Let r(s) = s**3 - 4*s**2 + 3*s - 1. Determine r(i).
11
Let r(g) = g**3 + 3*g**2 - 2*g + 1. Suppose 0 = -v - 3*v + 28. Suppose 0*w = j - 2*w - 8, 5*w + v = -4*j. Suppose -m - 12 = j*m. What is r(m)?
-7
Let x(p) be the third derivative of 1/4*p**4 - 1/120*p**6 + p**2 - p**3 + 0*p + 0 - 1/12*p**5. What is x(-6)?
-6
Let w(r) = -8*r + 1. Let b(d) = -d**2 + 6*d + 1. Let l be -6*(2 + (-16)/6). Let z be (-2 - 2)*(-6)/l. Let n be b(z). Determine w(n).
-7
Let u(y) = -y**3 - 7*y**2 + 8*y + 12. Let x(a) = 7*a**3 - a**2. Let w be x(-1). Determine u(w).
12
Let m(r) = -r + 5. Suppose -4*g = 22 - 2. Let d be 84/9 - 2/6. Let s = d + g. What is m(s)?
1
Suppose 0 = -5*u + 9 + 1. Let x(t) = -t - 10 + u + 2 + 0*t. Calculate x(-6).
0
Suppose 0 = -5*s - u - 4, -3*s - u - 3 = s. Let m(z) = -2*z + 7*z + 1 - 6*z. Let x be m(s). Let o(h) = 3*h. Give o(x).
6
Let l(p) = 6*p**2 - 2*p + 7. Let k(h) = -6*h**2 + 2*h - 6. Let j(u) = 6*k(u) + 5*l(u). Calculate j(1).
-5
Let s(z) = -6*z + 13. Let p(c) = 3*c - 6. Let d = 5 + 1. Let u(x) = d*s(x) + 13*p(x). Suppose 4*t = 3*f - 2*f - 3, -5*t - 4*f - 30 = 0. W